11 (base 6) to base 9
7
What is 10100001 (base 2) in base 6?
425
-4 (base 15) to base 12
-4
Convert -198 (base 12) to base 7.
-521
-247 (base 8) to base 7
-326
Convert -14 (base 11) to base 4.
-33
What is 62 (base 12) in base 4?
1022
103 (base 4) to base 2
10011
2 (base 13) to base 8
2
Convert -3 (base 15) to base 11.
-3
Convert 12 (base 6) to base 7.
11
What is d (base 16) in base 2?
1101
What is -19 (base 10) in base 5?
-34
What is -2 (base 3) in base 2?
-10
Convert 33 (base 10) to base 3.
1020
3 (base 10) to base 12
3
Convert 4 (base 9) to base 2.
100
Convert -100 (base 3) to base 9.
-10
Convert d (base 16) to base 14.
d
Convert -124 (base 9) to base 2.
-1100111
3 (base 14) to base 8
3
-32 (base 6) to base 3
-202
What is -2c (base 13) in base 7?
-53
Convert -1 (base 14) to base 4.
-1
-1101 (base 2) to base 13
-10
What is -45 (base 16) in base 8?
-105
Convert 85 (base 16) to base 12.
b1
-24 (base 13) to base 10
-30
30 (base 11) to base 2
100001
What is 0 (base 16) in base 15?
0
Convert -12 (base 6) to base 5.
-13
What is -5 (base 14) in base 15?
-5
What is a (base 14) in base 11?
a
-11010 (base 2) to base 7
-35
Convert -1 (base 15) to base 12.
-1
Convert -120 (base 5) to base 8.
-43
-13 (base 16) to base 8
-23
Convert -2 (base 5) to base 16.
-2
What is -6 (base 11) in base 5?
-11
Convert -13 (base 5) to base 12.
-8
Convert -33 (base 4) to base 3.
-120
What is 111 (base 2) in base 4?
13
What is 129 (base 11) in base 2?
10011000
0 (base 10) to base 9
0
Convert 3 (base 6) to base 16.
3
Convert -84 (base 14) to base 8.
-164
32 (base 6) to base 10
20
Convert 1 (base 4) to base 6.
1
What is a (base 14) in base 13?
a
What is -31 (base 5) in base 7?
-22
Convert 2 (base 11) to base 3.
2
-11 (base 3) to base 9
-4
What is -e (base 16) in base 3?
-112
-33 (base 7) to base 9
-26
What is 1 (base 9) in base 11?
1
Convert 0 (base 12) to base 6.
0
What is -1 (base 15) in base 14?
-1
3 (base 9) to base 11
3
Convert 1 (base 16) to base 5.
1
a2 (base 16) to base 13
c6
Convert -2a (base 12) to base 7.
-46
Convert 6 (base 7) to base 15.
6
What is -9 (base 15) in base 14?
-9
What is -34 (base 5) in base 6?
-31
Convert 233 (base 7) to base 3.
11112
Convert b (base 15) to base 8.
13
What is 0 (base 9) in base 6?
0
-18 (base 10) to base 2
-10010
What is 14 (base 9) in base 7?
16
What is 2 (base 6) in base 3?
2
What is -301 (base 4) in base 15?
-34
What is 161 (base 12) in base 10?
217
Convert 22 (base 5) to base 10.
12
What is 11 (base 3) in base 7?
4
What is -13 (base 5) in base 6?
-12
55 (base 7) to base 3
1111
Convert 3 (base 8) to base 4.
3
-11011 (base 2) to base 7
-36
Convert -21 (base 6) to base 13.
-10
Convert -11010001 (base 2) to base 4.
-3101
What is 2 (base 8) in base 7?
2
-304 (base 8) to base 9
-237
What is 162 (base 14) in base 5?
2112
111001 (base 2) to base 13
45
Convert 9 (base 13) to base 11.
9
What is 3 (base 10) in base 9?
3
Convert 11101001 (base 2) to base 6.
1025
What is -1 (base 8) in base 5?
-1
Convert 2 (base 11) to base 8.
2
What is -14 (base 6) in base 3?
-101
Convert 11 (base 2) to base 4.
3
1101 (base 5) to base 13
b8
What is -10 (base 13) in base 4?
-31
-31 (base 7) to base 11
-20
Convert 11 (base 12) to base 13.
10
Convert -1 (base 9) to base 13.
-1
What is 3 (base 8) in base 14?
3
What is -2 (base 14) in base 16?
-2
Convert -16 (base 7) to base 14.
-d
What is 1135 (base 6) in base 11?
230
33 (base 6) to base 12
19
-4 (base 8) to base 7
-4
Convert -303 (base 5) to base 10.
-78
-12 (base 4) to base 9
-6
Convert 0 (base 5) to base 6.
0
What is -21 (base 13) in base 14?
-1d
What is -11 (base 14) in base 2?
-1111
What is -1 (base 5) in base 8?
-1
What is 2 (base 16) in base 11?
2
Convert a (base 16) to base 10.
10
What is -20 (base 5) in base 8?
-12
Convert -71 (base 9) to base 16.
-40
Convert 2 (base 16) to base 9.
2
What is 1000 (base 3) in base 16?
1b
11 (base 9) to base 11
a
What is 1 (base 7) in base 5?
1
What is 3 (base 6) in base 13?
3
-2 (base 9) to base 13
-2
-63 (base 15) to base 9
-113
-d (base 16) to base 3
-111
Convert -2 (base 3) to base 12.
-2
34 (base 12) to base 16
28
Convert 1 (base 2) to base 13.
1
What is -7 (base 10) in base 13?
-7
11 (base 3) to base 12
4
Convert -49 (base 11) to base 12.
-45
-3 (base 12) to base 10
-3
What is 2 (base 8) in base 5?
2
2 (base 6) to base 16
2
-67 (base 11) to base 16
-49
What is 97 (base 11) in base 7?
211
What is 11 (base 2) in base 15?
3
24 (base 12) to base 15
1d
Convert -8 (base 13) to base 16.
-8
What is -9 (base 13) in base 2?
-1001
ba (base 14) to base 13
c8
Convert -10212 (base 3) to base 7.
-206
Convert 2 (base 11) to base 13.
2
What is 21 (base 4) in base 16?
9
14 (base 15) to base 5
34
What is -83 (base 13) in base 3?
-10222
What is -37 (base 12) in base 14?
-31
What is 0 (base 14) in base 5?
0
What is 1 (base 5) in base 16?
1
-100 (base 5) to base 16
-19
What is 11 (base 4) in base 12?
5
What is -255 (base 7) in base 8?
-212
Convert 37 (base 11) to base 13.
31
Convert 49 (base 16) to base 7.
133
Convert -26 (base 9) to base 8.
-30
-28 (base 9) to base 16
-1a
What is 12 (base 4) in base 6?
10
1 (base 16) to base 4
1
What is 5 (base 14) in base 6?
5
Convert -11 (base 10) to base 7.
-14
What is a4 (base 15) in base 6?
414
What is 11010001 (base 2) in base 16?
d1
Convert -1403 (base 5) to base 15.
-103
2 (base 9) to base 15
2
What is -1 (base 14) in base 15?
-1
What is 7 (base 13) in base 10?
7
Convert -1 (base 4) to base 14.
-1
Convert 9 (base 15) to base 9.
10
Convert -18 (base 14) to base 9.
-24
-2 (base 8) to base 10
-2
What is 406 (base 10) in base 5?
3111
23 (base 10) to base 5
43
-3 (base 5) to base 6
-3
-71 (base 12) to base 9
-104
Convert -18 (base 14) to base 16.
-16
-2 (base 9) to base 16
-2
Convert 65 (base 7) to base 3.
1202
10 (base 6) to base 4
12
What is -3 (base 12) in base 4?
-3
What is -131 (base 4) in base 16?
-1d
What is -1 (base 5) in base 12?
-1
Convert 2 (base 4) to base 11.
2
What is -11 (base 4) in base 10?
-5
Convert 22 (base 11) to base 4.
120
76 (base 12) to base 2
1011010
What is 29 (base 10) in base 16?
1d
-40 (base 9) to base 16
-24
What is 22 (base 8) in base 6?
30
What is 11 (base 9) in base 4?
22
Convert -10 (base 4) to base 10.
-4
Convert -314 (base 5) to base 15.
-59
What is 195 (base 12) in base 9?
315
-340 (base 8) to base 3
-22022
33 (base 4) to base 6
23
2 (base 12) to base 16
2
-200 (base 3) to base 12
-16
Convert -263 (base 10) to base 4.
-10013
Convert -20 (base 12) to base 11.
-22
160 (base 8) to base 14
80
What is 101 (base 3) in base 9?
11
-1 (base 8) to base 10
-1
4 (base 14) to base 12
4
What is 65 (base 13) in base 11?
76
Convert 30 (base 11) to base 10.
33
-4 (base 14) to base 11
-4
Convert -4 (base 14) to base 15.
-4
-113 (base 5) to base 2
-100001
Convert 102021 (base 3) to base 16.
130
What is 34 (base 14) in base 13?
37
Convert 20 (base 7) to base 10.
14
Convert -38 (base 10) to base 8.
-46
134 (base 6) to base 8
72
11 (base 4) to base 13
5
Convert -5 (base 11) to base 10.
-5
Convert -1 (base 10) to base 9.
-1
What is 2 (base 5) in base 8?
2
What is -102 (base 4) in base 3?
-200
Convert -6 (base 11) to base 4.
-12
Convert -1022 (base 6) to base 10.
-230
-131 (base 7) to base 12
-5b
Convert 231 (base 4) to base 5.
140
What is 1 (base 7) in base 8?
1
Convert -130 (base 5) to base 2.
-101000
Convert 10 (base 3) to base 13.
3
Convert -42 (base 10) to base 5.
-132
Convert -7 (base 9) to base 15.
-7
Convert -4 (base 5) to base 10.
-4
What is 11013 (base 4) in base 6?
1303
Convert -75 (base 8) to base 3.
-2021
Convert -11 (base 4) to base 6.
-5
Convert 2 (base 5) to base 11.
2
Convert 1401 (base 6) to base 14.
1bb
Convert -1104 (base 5) to base 9.
-181
What is 33 (base 10) in base 14?
25
Convert 2110 (base 3) to base 5.
231
-86 (base 16) to base 9
-158
-24 (base 9) to base 12
-1a
What is 32 (base 4) in base 6?
22
2330 (base 4) to base 7
356
What is 5 (base 13) in base 11?
5
What is -39 (base 10) in base 14?
-2b
Convert 1 (base 11) to base 8.
1
What is 200 (base 7) in base 13?
77
Convert -1110 (base 4) to base 6.
-220
What is -1 (base 15) in base 10?
-1
What is 18 (base 13) in base 2?
10101
What is -8a (base 13) in base 9?
-136
What is -4 (base 16) in base 5?
-4
Convert 11011100 (base 2) to base 8.
334
230 (base 7) to base 3
1